128
What is the remainder when 909 is divided by 188?
157
Calculate the remainder when 153 is divided by 6.
3
Calculate the remainder when 2791 is divided by 36.
19
Calculate the remainder when 92 is divided by 19.
16
Calculate the remainder when 466 is divided by 217.
32
What is the remainder when 178 is divided by 18?
16
What is the remainder when 32 is divided by 3?
2
What is the remainder when 394 is divided by 313?
81
What is the remainder when 78 is divided by 52?
26
What is the remainder when 10529 is divided by 13?
12
Calculate the remainder when 46988 is divided by 370.
368
What is the remainder when 49 is divided by 15?
4
Calculate the remainder when 78 is divided by 42.
36
Calculate the remainder when 3335 is divided by 8.
7
What is the remainder when 119 is divided by 18?
11
Calculate the remainder when 751 is divided by 13.
10
What is the remainder when 339 is divided by 87?
78
What is the remainder when 10192 is divided by 53?
16
Calculate the remainder when 21069 is divided by 24.
21
Calculate the remainder when 382 is divided by 8.
6
What is the remainder when 490 is divided by 128?
106
What is the remainder when 365 is divided by 34?
25
What is the remainder when 73826 is divided by 214?
210
Calculate the remainder when 382 is divided by 12.
10
What is the remainder when 74 is divided by 42?
32
What is the remainder when 717 is divided by 81?
69
What is the remainder when 4601 is divided by 94?
89
What is the remainder when 11 is divided by 5?
1
Calculate the remainder when 18896 is divided by 100.
96
Calculate the remainder when 522 is divided by 418.
104
What is the remainder when 422 is divided by 106?
104
Calculate the remainder when 1667 is divided by 188.
163
Calculate the remainder when 110 is divided by 104.
6
Calculate the remainder when 469 is divided by 152.
13
What is the remainder when 96 is divided by 12?
0
Calculate the remainder when 120 is divided by 25.
20
Calculate the remainder when 15554 is divided by 183.
182
What is the remainder when 271 is divided by 57?
43
Calculate the remainder when 103 is divided by 24.
7
Calculate the remainder when 301 is divided by 101.
99
Calculate the remainder when 226 is divided by 1.
0
Calculate the remainder when 228 is divided by 23.
21
What is the remainder when 1936 is divided by 7?
4
Calculate the remainder when 747 is divided by 152.
139
What is the remainder when 10421 is divided by 18?
17
Calculate the remainder when 168 is divided by 60.
48
Calculate the remainder when 732 is divided by 198.
138
Calculate the remainder when 226 is divided by 119.
107
What is the remainder when 79 is divided by 21?
16
Calculate the remainder when 3218 is divided by 104.
98
Calculate the remainder when 21 is divided by 20.
1
What is the remainder when 1407 is divided by 83?
79
Calculate the remainder when 231 is divided by 75.
6
What is the remainder when 731 is divided by 3?
2
What is the remainder when 123 is divided by 9?
6
What is the remainder when 9 is divided by 2?
1
Calculate the remainder when 1081 is divided by 70.
31
What is the remainder when 154 is divided by 26?
24
What is the remainder when 416 is divided by 60?
56
What is the remainder when 478 is divided by 236?
6
What is the remainder when 22553 is divided by 42?
41
What is the remainder when 387 is divided by 15?
12
Calculate the remainder when 276 is divided by 103.
70
What is the remainder when 81 is divided by 28?
25
What is the remainder when 33 is divided by 5?
3
Calculate the remainder when 90 is divided by 14.
6
Calculate the remainder when 3566 is divided by 76.
70
Calculate the remainder when 4586 is divided by 124.
122
What is the remainder when 620 is divided by 3?
2
What is the remainder when 170 is divided by 76?
18
Calculate the remainder when 39 is divided by 1.
0
What is the remainder when 582 is divided by 65?
62
Calculate the remainder when 38825 is divided by 9.
8
What is the remainder when 252 is divided by 53?
40
What is the remainder when 56 is divided by 32?
24
Calculate the remainder when 1393 is divided by 6.
1
Calculate the remainder when 195 is divided by 58.
21
What is the remainder when 34 is divided by 8?
2
Calculate the remainder when 16582 is divided by 29.
23
Calculate the remainder when 169 is divided by 56.
1
What is the remainder when 117 is divided by 47?
23
Calculate the remainder when 5065 is divided by 5055.
10
Calculate the remainder when 417 is divided by 109.
90
Calculate the remainder when 2317 is divided by 166.
159
What is the remainder when 146 is divided by 57?
32
What is the remainder when 1031 is divided by 24?
23
What is the remainder when 42 is divided by 9?
6
What is the remainder when 142 is divided by 29?
26
Calculate the remainder when 858 is divided by 43.
41
What is the remainder when 94 is divided by 67?
27
Calculate the remainder when 742 is divided by 39.
1
Calculate the remainder when 45 is divided by 12.
9
Calculate the remainder when 183 is divided by 31.
28
What is the remainder when 2804 is divided by 61?
59
Calculate the remainder when 98 is divided by 17.
13
What is the remainder when 479 is divided by 13?
11
What is the remainder when 156 is divided by 28?
16
Calculate the remainder when 1684 is divided by 1675.
9
Calculate the remainder when 512 is divided by 135.
107
What is the remainder when 228 is divided by 89?
50
Calculate the remainder when 212 is divided by 37.
27
Calculate the remainder when 279 is divided by 2.
1
What is the remainder when 383 is divided by 46?
15
Calculate the remainder when 546 is divided by 30.
6
What is the remainder when 479 is divided by 15?
14
What is the remainder when 738 is divided by 232?
42
Calculate the remainder when 52 is divided by 44.
8
Calculate the remainder when 38 is divided by 14.
10
Calculate the remainder when 1746 is divided by 125.
121
What is the remainder when 99 is divided by 26?
21
Calculate the remainder when 46 is divided by 8.
6
What is the remainder when 3689 is divided by 142?
139
What is the remainder when 15 is divided by 12?
3
Calculate the remainder when 655 is divided by 15.
10
What is the remainder when 597 is divided by 7?
2
What is the remainder when 18 is divided by 15?
3
Calculate the remainder when 111 is divided by 14.
13
Calculate the remainder when 166 is divided by 1.
0
What is the remainder when 8890 is divided by 13?
11
What is the remainder when 92 is divided by 48?
44
Calculate the remainder when 416 is divided by 42.
38
Calculate the remainder when 10 is divided by 6.
4
Calculate the remainder when 337 is divided by 31.
27
Calculate the remainder when 116 is divided by 13.
12
What is the remainder when 26 is divided by 19?
7
Calculate the remainder when 232 is divided by 21.
1
What is the remainder when 154 is divided by 71?
12
What is the remainder when 442 is divided by 107?
14
Calculate the remainder when 121 is divided by 21.
16
What is the remainder when 1288 is divided by 76?
72
Calculate the remainder when 567 is divided by 134.
31
What is the remainder when 63 is divided by 19?
6
What is the remainder when 671 is divided by 42?
41
Calculate the remainder when 743 is divided by 124.
123
Calculate the remainder when 40 is divided by 7.
5
What is the remainder when 156 is divided by 50?
6
What is the remainder when 558 is divided by 13?
12
Calculate the remainder when 1690 is divided by 9.
7
What is the remainder when 125 is divided by 4?
1
Calculate the remainder when 33922 is divided by 22.
20
Calculate the remainder when 465 is divided by 458.
7
What is the remainder when 87 is divided by 11?
10
What is the remainder when 988 is divided by 271?
175
What is the remainder when 136 is divided by 100?
36
What is the remainder when 1234 is divided by 76?
18
What is the remainder when 37 is divided by 19?
18
Calculate the remainder when 4821 is divided by 72.
69
Calculate the remainder when 405 is divided by 103.
96
Calculate the remainder when 1515 is divided by 102.
87
Calculate the remainder when 297 is divided by 45.
27
What is the remainder when 456 is divided by 44?
16
Calculate the remainder when 566 is divided by 562.
4
Calculate the remainder when 181 is divided by 93.
88
Calculate the remainder when 177 is divided by 29.
3
Calculate the remainder wh